{"id":261151,"date":"2025-02-03T12:11:46","date_gmt":"2025-02-03T10:11:46","guid":{"rendered":"https:\/\/abogadoses.net\/?page_id=261151"},"modified":"2025-02-03T12:14:11","modified_gmt":"2025-02-03T10:14:11","slug":"equipo-2","status":"publish","type":"page","link":"https:\/\/abogadoses.net\/index.php\/equipo-2\/","title":{"rendered":"Equipo"},"content":{"rendered":"<p>[et_pb_section fb_built=\u00bb1&#8243; _builder_version=\u00bb4.27.4&#8243; _module_preset=\u00bbdefault\u00bb global_colors_info=\u00bb{}\u00bb][et_pb_row _builder_version=\u00bb4.27.4&#8243; _module_preset=\u00bbdefault\u00bb global_colors_info=\u00bb{}\u00bb][et_pb_column type=\u00bb4_4&#8243; _builder_version=\u00bb4.27.4&#8243; _module_preset=\u00bbdefault\u00bb global_colors_info=\u00bb{}\u00bb][et_pb_text _builder_version=\u00bb4.27.4&#8243; _module_preset=\u00bbdefault\u00bb global_colors_info=\u00bb{}\u00bb]<\/p>\n<p style=\"text-align: justify;\"><span>El equipo humano se compone de cuatro abogados expertos en derecho mercantil, societario,\u00a0 de obligaciones y contratos, y derecho laboral, cuatro economistas, que poseen amplios \u00a0conocimientos econ\u00f3micos, financieros, fiscales y contables, y, un consejo compuesto por un economista, que ha sido funcionario de Inspecci\u00f3n de Hacienda y Delegado de la Agencia Tributaria, y es profesor de Hacienda P\u00fablica en la UNED, un Profesor de Derecho del Trabajo y Seguridad Social, que ha sido Juez de lo Social,\u00a0 y un experto en derecho laboral, que ha sido Profesor Asociado en Derecho Laboral, y funcionario de carrera. En definitiva,\u00a0<\/span><strong>cuatro\u00a0abogados, cuatro economistas, y un consejo compuesto por tres miembros de reconocido prestigio acad\u00e9mico.<\/strong><\/p>\n<p>[\/et_pb_text][\/et_pb_column][\/et_pb_row][et_pb_row _builder_version=\u00bb4.27.4&#8243; _module_preset=\u00bbdefault\u00bb global_colors_info=\u00bb{}\u00bb][et_pb_column type=\u00bb4_4&#8243; _builder_version=\u00bb4.27.4&#8243; _module_preset=\u00bbdefault\u00bb global_colors_info=\u00bb{}\u00bb][et_pb_text _builder_version=\u00bb4.27.4&#8243; _module_preset=\u00bbdefault\u00bb global_colors_info=\u00bb{}\u00bb]<\/p>\n<ul>\n<li><strong>Leticia Alvarez Mart\u00ednez<\/strong>, \u00a0letrada con amplia experiencia en el campo de derecho laboral.<\/li>\n<li><strong>Cristina S\u00e1nchez Asensio<\/strong>, experta en contabilidad y fiscal.<\/li>\n<li><strong>Luis Gasc\u00f3n Vall\u00e9s,<\/strong><span>\u00a0<\/span>experto en contabilidad y fiscal, asesor financiero y de planificaci\u00f3n.<\/li>\n<li><strong>C\u00e9sar Javier Casado Escos<\/strong>, letrado especializado en derecho del trabajo y seguridad social.<\/li>\n<li><strong>Luis Alfonso Castro Gay,<span>\u00a0<\/span><\/strong>m\u00e1ster en auditoria<strong>,<span>\u00a0<\/span><\/strong>experto en contabilidad y asesor fiscal.<\/li>\n<li><strong>Ignacio Gasc\u00f3n Albareda,\u00a0<\/strong>especializado en contabilidad y administraci\u00f3n de empresas.<\/li>\n<li><strong>Jos\u00e9 Rodr\u00edguez Parejo<\/strong>, \u00a0especializado en el derecho mercantil, societario y de empresa, \u00a0procesal civil, concursal y penal econ\u00f3mico.<\/li>\n<\/ul>\n<p>[\/et_pb_text][\/et_pb_column][\/et_pb_row][et_pb_row _builder_version=\u00bb4.27.4&#8243; _module_preset=\u00bbdefault\u00bb global_colors_info=\u00bb{}\u00bb][et_pb_column type=\u00bb4_4&#8243; _builder_version=\u00bb4.27.4&#8243; _module_preset=\u00bbdefault\u00bb hover_enabled=\u00bb0&#8243; global_colors_info=\u00bb{}\u00bb sticky_enabled=\u00bb0&#8243;][et_pb_image src=\u00bbhttps:\/\/abogadoses.net\/wp-content\/uploads\/2025\/02\/PHOTO-2020-10-19-16-24-52-1536&#215;1152-1.jpg\u00bb title_text=\u00bbPHOTO-2020-10-19-16-24-52-1536&#215;1152&#8243; _builder_version=\u00bb4.27.4&#8243; _module_preset=\u00bbdefault\u00bb custom_padding=\u00bb|420px|0px|||\u00bb hover_enabled=\u00bb0&#8243; global_colors_info=\u00bb{}\u00bb src_last_edited=\u00bbon|desktop\u00bb sticky_enabled=\u00bb0&#8243; disabled_on=\u00bbon|on|off\u00bb src_tablet=\u00bbhttps:\/\/abogadoses.net\/wp-content\/uploads\/2025\/02\/PHOTO-2020-10-19-16-24-52-1536&#215;1152-1.jpg\u00bb src_phone=\u00bbhttps:\/\/abogadoses.net\/wp-content\/uploads\/2025\/02\/PHOTO-2020-10-19-16-24-52-1536&#215;1152-1.jpg\u00bb][\/et_pb_image][\/et_pb_column][\/et_pb_row][et_pb_row _builder_version=\u00bb4.27.4&#8243; _module_preset=\u00bbdefault\u00bb global_colors_info=\u00bb{}\u00bb][et_pb_column type=\u00bb4_4&#8243; _builder_version=\u00bb4.27.4&#8243; _module_preset=\u00bbdefault\u00bb global_colors_info=\u00bb{}\u00bb][et_pb_text _builder_version=\u00bb4.27.4&#8243; _module_preset=\u00bbdefault\u00bb global_colors_info=\u00bb{}\u00bb]<\/p>\n<div class=\"vc_row wpb_row vc_inner vc_row-fluid\" bis_skin_checked=\"1\">\n<div class=\"wpb_column vc_column_container vc_col-sm-12\" bis_skin_checked=\"1\">\n<div class=\"vc_column-inner\" bis_skin_checked=\"1\">\n<div class=\"wpb_wrapper\" bis_skin_checked=\"1\">\n<div class=\"wpb_text_column wpb_content_element \" bis_skin_checked=\"1\">\n<div class=\"wpb_wrapper\" bis_skin_checked=\"1\">\n<ul>\n<li style=\"text-align: justify;\">El resto del equipo es un consejo compuesto por un economista, Alberto S\u00e1nchez Ruiz, que ha sido funcionario de Inspecci\u00f3n de Hacienda y Delegado de la Agencia Tributaria, y es profesor de Hacienda P\u00fablica en la UNED, un Profesor de Derecho del Trabajo y Seguridad Social, Prof. Dr. Manuel Alvarez Alcolea, Arbitro Sindical, y que ha sido Juez de lo Social,\u00a0 y un experto en derecho laboral, Pedro Pardo Aznar, que ha sido Profesor Asociado en Derecho Laboral, y funcionario de carrera. En definitiva,<span>\u00a0<\/span><strong>cuatro\u00a0abogados, cuatro economistas, y un consejo compuesto por tres miembros de reconocido prestigio acad\u00e9mico.<\/strong><\/li>\n<\/ul>\n<\/div>\n<\/div>\n<\/div>\n<\/div>\n<\/div>\n<\/div>\n<div class=\"vc_row wpb_row vc_inner vc_row-fluid\" bis_skin_checked=\"1\">\n<div class=\"wpb_column vc_column_container vc_col-sm-12\" bis_skin_checked=\"1\">\n<div class=\"vc_column-inner\" bis_skin_checked=\"1\">\n<div class=\"wpb_wrapper\" bis_skin_checked=\"1\">\n<div class=\"wpb_text_column wpb_content_element \" bis_skin_checked=\"1\">\n<div class=\"wpb_wrapper\" bis_skin_checked=\"1\">\n<p style=\"text-align: justify;\">El despacho inicia su actividad laboral a las 09:00 de la ma\u00f1ana, y tiene servicio, ininterrumpidamente, hasta las 21:00 horas, para prestar una atenci\u00f3n \u00a0continuada al cliente, de lunes a viernes, y, las 24 horas, en casos urgentes, los 365 d\u00edas del a\u00f1o. No se cierra en los meses de verano.\u00a0<strong>Todos los asuntos se atienden personalmente, bien por tel\u00e9fono, bien en el despacho y, por esta raz\u00f3n, no se realiza ninguna atenci\u00f3n profesional de consulta on line.<\/strong><\/p>\n<p style=\"text-align: justify;\">Actualmente,\u00a0<strong>a nivel nacional<\/strong>, el despacho\u00a0<strong>tiene<\/strong><span>\u00a0<\/span><strong>bufetes asociados<\/strong>,\u00a0 y colabora con\u00a0<strong>varias redes de abogados<\/strong>, que cuentan con letrados de acreditada experiencia y profesionalidad, en todas las regiones espa\u00f1olas.\u00a0<strong>A nivel internacional<\/strong>, el bufete tiene acuerdos bilaterales, con despachos de reconocido prestigio en todo el mundo, por lo que se encuentra capacitado para atender cualquier demanda de asesoramiento jur\u00eddico a estos niveles, habiendo realizado servicios profesionales fuera de Espa\u00f1a en Rumania, Panam\u00e1, Rep\u00fablica Dominicana, Francia, Alemania y Portugal.<\/p>\n<div bis_skin_checked=\"1\">\n<p>Idiomas:<\/p>\n<p><strong>Ingl\u00e9s y Franc\u00e9s<\/strong><\/p>\n<p>&nbsp;<\/p>\n<\/div>\n<div bis_skin_checked=\"1\">\n<p>Adem\u00e1s, todos los documentos jur\u00eddicos son traducidos directa o inversa, por traductores jurados colaboradores del despacho.<\/p>\n<\/div>\n<\/div>\n<\/div>\n<\/div>\n<\/div>\n<\/div>\n<\/div>\n<p>[\/et_pb_text][\/et_pb_column][\/et_pb_row][\/et_pb_section]<\/p>\n","protected":false},"excerpt":{"rendered":"<p>El equipo humano se compone de cuatro abogados expertos en derecho mercantil, societario,\u00a0 de obligaciones y contratos, y derecho laboral, cuatro economistas, que poseen amplios \u00a0conocimientos econ\u00f3micos, financieros, fiscales y contables, y, un consejo compuesto por un economista, que ha sido funcionario de Inspecci\u00f3n de Hacienda y Delegado de la Agencia Tributaria, y es profesor [&hellip;]<\/p>\n","protected":false},"author":1,"featured_media":0,"parent":0,"menu_order":0,"comment_status":"closed","ping_status":"closed","template":"","meta":{"_et_pb_use_builder":"on","_et_pb_old_content":"","_et_gb_content_width":"","footnotes":""},"class_list":["post-261151","page","type-page","status-publish","hentry"],"_links":{"self":[{"href":"https:\/\/abogadoses.net\/index.php\/wp-json\/wp\/v2\/pages\/261151","targetHints":{"allow":["GET"]}}],"collection":[{"href":"https:\/\/abogadoses.net\/index.php\/wp-json\/wp\/v2\/pages"}],"about":[{"href":"https:\/\/abogadoses.net\/index.php\/wp-json\/wp\/v2\/types\/page"}],"author":[{"embeddable":true,"href":"https:\/\/abogadoses.net\/index.php\/wp-json\/wp\/v2\/users\/1"}],"replies":[{"embeddable":true,"href":"https:\/\/abogadoses.net\/index.php\/wp-json\/wp\/v2\/comments?post=261151"}],"version-history":[{"count":3,"href":"https:\/\/abogadoses.net\/index.php\/wp-json\/wp\/v2\/pages\/261151\/revisions"}],"predecessor-version":[{"id":261156,"href":"https:\/\/abogadoses.net\/index.php\/wp-json\/wp\/v2\/pages\/261151\/revisions\/261156"}],"wp:attachment":[{"href":"https:\/\/abogadoses.net\/index.php\/wp-json\/wp\/v2\/media?parent=261151"}],"curies":[{"name":"wp","href":"https:\/\/api.w.org\/{rel}","templated":true}]}}

<p>[et_pb_section fb_built=»1&#8243; _builder_version=»4.27.4&#8243; _module_preset=»default» global_colors_info=»{}»][et_pb_row _builder_version=»4.27.4&#8243; _module_preset=»default» global_colors_info=»{}»][et_pb_column type=»4_4&#8243; _builder_version=»4.27.4&#8243; _module_preset=»default» global_colors_info=»{}»][et_pb_text _builder_version=»4.27.4&#8243; _module_preset=»default» global_colors_info=»{}»]</p>
<p style="text-align: justify;"><span>El equipo humano se compone de cuatro abogados expertos en derecho mercantil, societario,  de obligaciones y contratos, y derecho laboral, cuatro economistas, que poseen amplios  conocimientos económicos, financieros, fiscales y contables, y, un consejo compuesto por un economista, que ha sido funcionario de Inspección de Hacienda y Delegado de la Agencia Tributaria, y es profesor de Hacienda Pública en la UNED, un Profesor de Derecho del Trabajo y Seguridad Social, que ha sido Juez de lo Social,  y un experto en derecho laboral, que ha sido Profesor Asociado en Derecho Laboral, y funcionario de carrera. En definitiva, </span><strong>cuatro abogados, cuatro economistas, y un consejo compuesto por tres miembros de reconocido prestigio académico.</strong></p>
<p>[/et_pb_text][/et_pb_column][/et_pb_row][et_pb_row _builder_version=»4.27.4&#8243; _module_preset=»default» global_colors_info=»{}»][et_pb_column type=»4_4&#8243; _builder_version=»4.27.4&#8243; _module_preset=»default» global_colors_info=»{}»][et_pb_text _builder_version=»4.27.4&#8243; _module_preset=»default» global_colors_info=»{}»]</p>
<ul>
<li><strong>Leticia Alvarez Martínez</strong>,  letrada con amplia experiencia en el campo de derecho laboral.</li>
<li><strong>Cristina Sánchez Asensio</strong>, experta en contabilidad y fiscal.</li>
<li><strong>Luis Gascón Vallés,</strong><span> </span>experto en contabilidad y fiscal, asesor financiero y de planificación.</li>
<li><strong>César Javier Casado Escos</strong>, letrado especializado en derecho del trabajo y seguridad social.</li>
<li><strong>Luis Alfonso Castro Gay,<span> </span></strong>máster en auditoria<strong>,<span> </span></strong>experto en contabilidad y asesor fiscal.</li>
<li><strong>Ignacio Gascón Albareda, </strong>especializado en contabilidad y administración de empresas.</li>
<li><strong>José Rodríguez Parejo</strong>,  especializado en el derecho mercantil, societario y de empresa,  procesal civil, concursal y penal económico.</li>
</ul>
<p>[/et_pb_text][/et_pb_column][/et_pb_row][et_pb_row _builder_version=»4.27.4&#8243; _module_preset=»default» global_colors_info=»{}»][et_pb_column type=»4_4&#8243; _builder_version=»4.27.4&#8243; _module_preset=»default» hover_enabled=»0&#8243; global_colors_info=»{}» sticky_enabled=»0&#8243;][et_pb_image src=»https://abogadoses.net/wp-content/uploads/2025/02/PHOTO-2020-10-19-16-24-52-1536&#215;1152-1.jpg» title_text=»PHOTO-2020-10-19-16-24-52-1536&#215;1152&#8243; _builder_version=»4.27.4&#8243; _module_preset=»default» custom_padding=»|420px|0px|||» hover_enabled=»0&#8243; global_colors_info=»{}» src_last_edited=»on|desktop» sticky_enabled=»0&#8243; disabled_on=»on|on|off» src_tablet=»https://abogadoses.net/wp-content/uploads/2025/02/PHOTO-2020-10-19-16-24-52-1536&#215;1152-1.jpg» src_phone=»https://abogadoses.net/wp-content/uploads/2025/02/PHOTO-2020-10-19-16-24-52-1536&#215;1152-1.jpg»][/et_pb_image][/et_pb_column][/et_pb_row][et_pb_row _builder_version=»4.27.4&#8243; _module_preset=»default» global_colors_info=»{}»][et_pb_column type=»4_4&#8243; _builder_version=»4.27.4&#8243; _module_preset=»default» global_colors_info=»{}»][et_pb_text _builder_version=»4.27.4&#8243; _module_preset=»default» global_colors_info=»{}»]</p>
<div class="vc_row wpb_row vc_inner vc_row-fluid" bis_skin_checked="1">
<div class="wpb_column vc_column_container vc_col-sm-12" bis_skin_checked="1">
<div class="vc_column-inner" bis_skin_checked="1">
<div class="wpb_wrapper" bis_skin_checked="1">
<div class="wpb_text_column wpb_content_element " bis_skin_checked="1">
<div class="wpb_wrapper" bis_skin_checked="1">
<ul>
<li style="text-align: justify;">El resto del equipo es un consejo compuesto por un economista, Alberto Sánchez Ruiz, que ha sido funcionario de Inspección de Hacienda y Delegado de la Agencia Tributaria, y es profesor de Hacienda Pública en la UNED, un Profesor de Derecho del Trabajo y Seguridad Social, Prof. Dr. Manuel Alvarez Alcolea, Arbitro Sindical, y que ha sido Juez de lo Social,  y un experto en derecho laboral, Pedro Pardo Aznar, que ha sido Profesor Asociado en Derecho Laboral, y funcionario de carrera. En definitiva,<span> </span><strong>cuatro abogados, cuatro economistas, y un consejo compuesto por tres miembros de reconocido prestigio académico.</strong></li>
</ul>
</div>
</div>
</div>
</div>
</div>
</div>
<div class="vc_row wpb_row vc_inner vc_row-fluid" bis_skin_checked="1">
<div class="wpb_column vc_column_container vc_col-sm-12" bis_skin_checked="1">
<div class="vc_column-inner" bis_skin_checked="1">
<div class="wpb_wrapper" bis_skin_checked="1">
<div class="wpb_text_column wpb_content_element " bis_skin_checked="1">
<div class="wpb_wrapper" bis_skin_checked="1">
<p style="text-align: justify;">El despacho inicia su actividad laboral a las 09:00 de la mañana, y tiene servicio, ininterrumpidamente, hasta las 21:00 horas, para prestar una atención  continuada al cliente, de lunes a viernes, y, las 24 horas, en casos urgentes, los 365 días del año. No se cierra en los meses de verano. <strong>Todos los asuntos se atienden personalmente, bien por teléfono, bien en el despacho y, por esta razón, no se realiza ninguna atención profesional de consulta on line.</strong></p>
<p style="text-align: justify;">Actualmente, <strong>a nivel nacional</strong>, el despacho <strong>tiene</strong><span> </span><strong>bufetes asociados</strong>,  y colabora con <strong>varias redes de abogados</strong>, que cuentan con letrados de acreditada experiencia y profesionalidad, en todas las regiones españolas. <strong>A nivel internacional</strong>, el bufete tiene acuerdos bilaterales, con despachos de reconocido prestigio en todo el mundo, por lo que se encuentra capacitado para atender cualquier demanda de asesoramiento jurídico a estos niveles, habiendo realizado servicios profesionales fuera de España en Rumania, Panamá, República Dominicana, Francia, Alemania y Portugal.</p>
<div bis_skin_checked="1">
<p>Idiomas:</p>
<p><strong>Inglés y Francés</strong></p>
<p>&nbsp;</p>
</div>
<div bis_skin_checked="1">
<p>Además, todos los documentos jurídicos son traducidos directa o inversa, por traductores jurados colaboradores del despacho.</p>
</div>
</div>
</div>
</div>
</div>
</div>
</div>
<p>[/et_pb_text][/et_pb_column][/et_pb_row][/et_pb_section]</p>

<p>El equipo humano se compone de cuatro abogados expertos en derecho mercantil, societario,  de obligaciones y contratos, y derecho laboral, cuatro economistas, que poseen amplios  conocimientos económicos, financieros, fiscales y contables, y, un consejo compuesto por un economista, que ha sido funcionario de Inspección de Hacienda y Delegado de la Agencia Tributaria, y es profesor [&hellip;]</p>
