{"id":261147,"date":"2025-02-03T12:07:48","date_gmt":"2025-02-03T10:07:48","guid":{"rendered":"https:\/\/abogadoses.net\/?page_id=261147"},"modified":"2025-02-03T13:09:44","modified_gmt":"2025-02-03T11:09:44","slug":"medios-tecnicos","status":"publish","type":"page","link":"https:\/\/abogadoses.net\/index.php\/despacho\/medios-tecnicos\/","title":{"rendered":"Medios T\u00e9cnicos"},"content":{"rendered":"<p>[et_pb_section fb_built=\u00bb1&#8243; theme_builder_area=\u00bbpost_content\u00bb _builder_version=\u00bb4.27.4&#8243; _module_preset=\u00bbdefault\u00bb][et_pb_row _builder_version=\u00bb4.27.4&#8243; _module_preset=\u00bbdefault\u00bb theme_builder_area=\u00bbpost_content\u00bb][et_pb_column _builder_version=\u00bb4.27.4&#8243; _module_preset=\u00bbdefault\u00bb type=\u00bb4_4&#8243; theme_builder_area=\u00bbpost_content\u00bb][et_pb_text _builder_version=\u00bb4.27.4&#8243; _module_preset=\u00bbdefault\u00bb theme_builder_area=\u00bbpost_content\u00bb hover_enabled=\u00bb0&#8243; sticky_enabled=\u00bb0&#8243;]<\/p>\n<p style=\"text-align: justify;\"><span>Para la realizaci\u00f3n de la actividad profesional, el asesoramiento integral a particulares, y peque\u00f1as y medianas empresas, el despacho se sit\u00faa en el centro financiero m\u00e1s representativo de la capital aragonesa,\u00a0 en el Paseo de Constituci\u00f3n, 26, 9\u00ba B. En el bufete, \u00a0que consta de m\u00e1s 200 metros cuadrados aproximadamente, se integra todo el equipo humano y material. Tambi\u00e9n existe un importante archivo, y los medios inform\u00e1ticos m\u00e1s modernos, y necesarios, para el \u00f3ptimo desarrollo de su actividad profesional.<\/span><\/p>\n<p>[\/et_pb_text][\/et_pb_column][\/et_pb_row][et_pb_row _builder_version=\u00bb4.27.4&#8243; _module_preset=\u00bbdefault\u00bb theme_builder_area=\u00bbpost_content\u00bb][et_pb_column _builder_version=\u00bb4.27.4&#8243; _module_preset=\u00bbdefault\u00bb type=\u00bb4_4&#8243; theme_builder_area=\u00bbpost_content\u00bb][et_pb_image src=\u00bbhttps:\/\/abogadoses.net\/wp-content\/uploads\/2025\/02\/helenduchon-pintura-paisaje-basilica-del-pilar-por-la-noche.webp\u00bb _builder_version=\u00bb4.27.4&#8243; _module_preset=\u00bbdefault\u00bb theme_builder_area=\u00bbpost_content\u00bb title_text=\u00bbhelenduchon-pintura-paisaje-basilica-del-pilar-por-la-noche\u00bb hover_enabled=\u00bb0&#8243; sticky_enabled=\u00bb0&#8243;][\/et_pb_image][\/et_pb_column][\/et_pb_row][\/et_pb_section]<\/p>\n","protected":false},"excerpt":{"rendered":"<p>Para la realizaci\u00f3n de la actividad profesional, el asesoramiento integral a particulares, y peque\u00f1as y medianas empresas, el despacho se sit\u00faa en el centro financiero m\u00e1s representativo de la capital aragonesa,\u00a0 en el Paseo de Constituci\u00f3n, 26, 9\u00ba B. En el bufete, \u00a0que consta de m\u00e1s 200 metros cuadrados aproximadamente, se integra todo el equipo [&hellip;]<\/p>\n","protected":false},"author":1,"featured_media":0,"parent":9,"menu_order":0,"comment_status":"closed","ping_status":"closed","template":"","meta":{"_et_pb_use_builder":"on","_et_pb_old_content":"","_et_gb_content_width":"","footnotes":""},"class_list":["post-261147","page","type-page","status-publish","hentry"],"_links":{"self":[{"href":"https:\/\/abogadoses.net\/index.php\/wp-json\/wp\/v2\/pages\/261147","targetHints":{"allow":["GET"]}}],"collection":[{"href":"https:\/\/abogadoses.net\/index.php\/wp-json\/wp\/v2\/pages"}],"about":[{"href":"https:\/\/abogadoses.net\/index.php\/wp-json\/wp\/v2\/types\/page"}],"author":[{"embeddable":true,"href":"https:\/\/abogadoses.net\/index.php\/wp-json\/wp\/v2\/users\/1"}],"replies":[{"embeddable":true,"href":"https:\/\/abogadoses.net\/index.php\/wp-json\/wp\/v2\/comments?post=261147"}],"version-history":[{"count":2,"href":"https:\/\/abogadoses.net\/index.php\/wp-json\/wp\/v2\/pages\/261147\/revisions"}],"predecessor-version":[{"id":261150,"href":"https:\/\/abogadoses.net\/index.php\/wp-json\/wp\/v2\/pages\/261147\/revisions\/261150"}],"up":[{"embeddable":true,"href":"https:\/\/abogadoses.net\/index.php\/wp-json\/wp\/v2\/pages\/9"}],"wp:attachment":[{"href":"https:\/\/abogadoses.net\/index.php\/wp-json\/wp\/v2\/media?parent=261147"}],"curies":[{"name":"wp","href":"https:\/\/api.w.org\/{rel}","templated":true}]}}

Medios Técnicos

<p>[et_pb_section fb_built=»1&#8243; theme_builder_area=»post_content» _builder_version=»4.27.4&#8243; _module_preset=»default»][et_pb_row _builder_version=»4.27.4&#8243; _module_preset=»default» theme_builder_area=»post_content»][et_pb_column _builder_version=»4.27.4&#8243; _module_preset=»default» type=»4_4&#8243; theme_builder_area=»post_content»][et_pb_text _builder_version=»4.27.4&#8243; _module_preset=»default» theme_builder_area=»post_content» hover_enabled=»0&#8243; sticky_enabled=»0&#8243;]</p>
<p style="text-align: justify;"><span>Para la realización de la actividad profesional, el asesoramiento integral a particulares, y pequeñas y medianas empresas, el despacho se sitúa en el centro financiero más representativo de la capital aragonesa,  en el Paseo de Constitución, 26, 9º B. En el bufete,  que consta de más 200 metros cuadrados aproximadamente, se integra todo el equipo humano y material. También existe un importante archivo, y los medios informáticos más modernos, y necesarios, para el óptimo desarrollo de su actividad profesional.</span></p>
<p>[/et_pb_text][/et_pb_column][/et_pb_row][et_pb_row _builder_version=»4.27.4&#8243; _module_preset=»default» theme_builder_area=»post_content»][et_pb_column _builder_version=»4.27.4&#8243; _module_preset=»default» type=»4_4&#8243; theme_builder_area=»post_content»][et_pb_image src=»https://abogadoses.net/wp-content/uploads/2025/02/helenduchon-pintura-paisaje-basilica-del-pilar-por-la-noche.webp» _builder_version=»4.27.4&#8243; _module_preset=»default» theme_builder_area=»post_content» title_text=»helenduchon-pintura-paisaje-basilica-del-pilar-por-la-noche» hover_enabled=»0&#8243; sticky_enabled=»0&#8243;][/et_pb_image][/et_pb_column][/et_pb_row][/et_pb_section]</p>

<p>Para la realización de la actividad profesional, el asesoramiento integral a particulares, y pequeñas y medianas empresas, el despacho se sitúa en el centro financiero más representativo de la capital aragonesa,  en el Paseo de Constitución, 26, 9º B. En el bufete,  que consta de más 200 metros cuadrados aproximadamente, se integra todo el equipo [&hellip;]</p>
