{"id":261143,"date":"2025-02-03T12:04:23","date_gmt":"2025-02-03T10:04:23","guid":{"rendered":"https:\/\/abogadoses.net\/?page_id=261143"},"modified":"2025-02-03T13:09:14","modified_gmt":"2025-02-03T11:09:14","slug":"filosofia-del-despacho","status":"publish","type":"page","link":"https:\/\/abogadoses.net\/index.php\/despacho\/filosofia-del-despacho\/","title":{"rendered":"Filosof\u00eda del Despacho"},"content":{"rendered":"<p>[et_pb_section fb_built=\u00bb1&#8243; theme_builder_area=\u00bbpost_content\u00bb _builder_version=\u00bb4.27.4&#8243; _module_preset=\u00bbdefault\u00bb][et_pb_row _builder_version=\u00bb4.27.4&#8243; _module_preset=\u00bbdefault\u00bb theme_builder_area=\u00bbpost_content\u00bb][et_pb_column _builder_version=\u00bb4.27.4&#8243; _module_preset=\u00bbdefault\u00bb type=\u00bb4_4&#8243; theme_builder_area=\u00bbpost_content\u00bb][et_pb_image src=\u00bbhttps:\/\/abogadoses.net\/wp-content\/uploads\/2025\/02\/foto_5-1536&#215;1152-1.jpg\u00bb _builder_version=\u00bb4.27.4&#8243; _module_preset=\u00bbdefault\u00bb theme_builder_area=\u00bbpost_content\u00bb title_text=\u00bbfoto_5-1536&#215;1152&#8243; hover_enabled=\u00bb0&#8243; sticky_enabled=\u00bb0&#8243;][\/et_pb_image][\/et_pb_column][\/et_pb_row][et_pb_row _builder_version=\u00bb4.27.4&#8243; _module_preset=\u00bbdefault\u00bb theme_builder_area=\u00bbpost_content\u00bb][et_pb_column _builder_version=\u00bb4.27.4&#8243; _module_preset=\u00bbdefault\u00bb type=\u00bb4_4&#8243; theme_builder_area=\u00bbpost_content\u00bb][et_pb_text _builder_version=\u00bb4.27.4&#8243; _module_preset=\u00bbdefault\u00bb theme_builder_area=\u00bbpost_content\u00bb hover_enabled=\u00bb0&#8243; sticky_enabled=\u00bb0&#8243;]<\/p>\n<p style=\"text-align: justify;\"><strong>Se parte de una idea fundamental:<\/strong>\u00a0servicio integral de<span>\u00a0<\/span><strong>derecho de empresa<\/strong>, de alta especializaci\u00f3n e inmediata respuesta a la cuesti\u00f3n planteada, con un coste econ\u00f3mico muy competitivo, dada la estructura del bufete, atendiendo el derecho mercantil, societario, fiscal, tributario, contabilidad, an\u00e1lisis financiero, laboral, civil de empresa, obligaciones y contratos, administrativo y urbanismo, con plena disposici\u00f3n al cliente en horario ininterrumpido de despacho, de 09:00 AM a 21:00 PM, de lunes a viernes, y servicio durante las 24 horas, 365 d\u00edas al a\u00f1o, para casos urgentes.<\/p>\n<p style=\"text-align: justify;\">El despacho tiene una cartera de clientes que consta de empresas, \u00a0l\u00edderes en algunos sectores como el autom\u00f3vil,\u00a0construcci\u00f3n, servicios, hosteler\u00eda, inform\u00e1tica, as\u00ed como sociedades mercantiles de capital p\u00fablico y privado, y que por confidencialidad a los mismos no se enuncian.<\/p>\n<p style=\"text-align: justify;\">Tambi\u00e9n representa intereses de particulares, en numerosos asuntos judiciales, en contrataci\u00f3n, acuerdos y transacciones extrajudiciales.<\/p>\n<p>[\/et_pb_text][\/et_pb_column][\/et_pb_row][\/et_pb_section]<\/p>\n","protected":false},"excerpt":{"rendered":"<p>Se parte de una idea fundamental:\u00a0servicio integral de\u00a0derecho de empresa, de alta especializaci\u00f3n e inmediata respuesta a la cuesti\u00f3n planteada, con un coste econ\u00f3mico muy competitivo, dada la estructura del bufete, atendiendo el derecho mercantil, societario, fiscal, tributario, contabilidad, an\u00e1lisis financiero, laboral, civil de empresa, obligaciones y contratos, administrativo y urbanismo, con plena disposici\u00f3n al [&hellip;]<\/p>\n","protected":false},"author":1,"featured_media":0,"parent":9,"menu_order":0,"comment_status":"closed","ping_status":"closed","template":"","meta":{"_et_pb_use_builder":"on","_et_pb_old_content":"","_et_gb_content_width":"","footnotes":""},"class_list":["post-261143","page","type-page","status-publish","hentry"],"_links":{"self":[{"href":"https:\/\/abogadoses.net\/index.php\/wp-json\/wp\/v2\/pages\/261143","targetHints":{"allow":["GET"]}}],"collection":[{"href":"https:\/\/abogadoses.net\/index.php\/wp-json\/wp\/v2\/pages"}],"about":[{"href":"https:\/\/abogadoses.net\/index.php\/wp-json\/wp\/v2\/types\/page"}],"author":[{"embeddable":true,"href":"https:\/\/abogadoses.net\/index.php\/wp-json\/wp\/v2\/users\/1"}],"replies":[{"embeddable":true,"href":"https:\/\/abogadoses.net\/index.php\/wp-json\/wp\/v2\/comments?post=261143"}],"version-history":[{"count":2,"href":"https:\/\/abogadoses.net\/index.php\/wp-json\/wp\/v2\/pages\/261143\/revisions"}],"predecessor-version":[{"id":261146,"href":"https:\/\/abogadoses.net\/index.php\/wp-json\/wp\/v2\/pages\/261143\/revisions\/261146"}],"up":[{"embeddable":true,"href":"https:\/\/abogadoses.net\/index.php\/wp-json\/wp\/v2\/pages\/9"}],"wp:attachment":[{"href":"https:\/\/abogadoses.net\/index.php\/wp-json\/wp\/v2\/media?parent=261143"}],"curies":[{"name":"wp","href":"https:\/\/api.w.org\/{rel}","templated":true}]}}